d) = -d**2 + 15*d - 7. Give u(x).
49
Let y(i) = i**3 - 7*i**2 + 13*i - 4. Let v(u) = -4*u**2 + 2*u + 1. Let k(x) = 3*v(x) + y(x). Calculate k(18).
17
Let h(g) = 21*g - 15. Suppose 7 = 23*q - 24 + 8. Give h(q).
6
Let o = -1375 + 1387. Let a be (-30)/4*(-8)/10. Suppose -o = -a*s + 6. Let w(c) = 4*c + 3. Give w(s).
15
Let k(q) = 4*q - 114. Let t be k(30). Let u(v) = v**3 - 10*v**2 + 8*v + 2. Let p(w) = w**3 - 9*w**2 + 7*w + 2. Let z(l) = -3*p(l) + 2*u(l). Give z(t).
4
Let d(x) = -15*x**2 + 3 + 7*x + x**2 + 19*x**2 - 7*x**2 - 2*x. Calculate d(-3).
-30
Let f(z) be the third derivative of -z**4/8 - 19*z**3/2 + 2457*z**2. Calculate f(8).
-81
Let u(v) = -v**3 + 8*v**2 + 33*v + 1. Let r(d) = 13*d**2 - 126*d + 173. Let t be r(8). Calculate u(t).
1
Let y(i) = i**3 - 9*i**2 + 4*i + 3. Suppose -233*j = 69*j - 43*j - 1295. Determine y(j).
-77
Let t(u) = 37 - 66 - 55 - u**2 + 13*u - 32*u. Let a be t(-11). Let m(y) = 13*y - 4. What is m(a)?
48
Suppose -394 = 23*f - 371. Let l(u) = -u. Let y(b) = -3*b + 2. Let p(d) = 6*l(d) - y(d). Determine p(f).
1
Let r(f) = -f**3 - 10*f**2 + 20*f - 13. Let y be r(-12). Suppose -5*o + y = -3*v, 4*o + 2*v - v = 11. Let l(m) = -m**2 + 2*m + 2. Determine l(o).
-6
Let i = 3630 + -3639. Let y(a) = 2*a**3 - 7*a**2 - 11*a + 11. Let o(c) = c**3 - 8*c**2 - 11*c + 11. Let t(r) = -3*o(r) + 2*y(r). What is t(i)?
-29
Let h be (8 + 0)*123/(-492). Let d(n) = 13*n**2 + 5*n + 6. What is d(h)?
48
Let h(u) = 16*u**3 + 10*u**2 + 12*u - 4. Let k(x) = 11*x**3 + 11*x**2 + 11*x - 3. Let t(z) = -2*h(z) + 3*k(z). Calculate t(-12).
35
Let q(x) = -3*x**2 + 19*x + 9. Let j(d) = -4*d**2 + 28*d + 14. Let k(z) = -5*j(z) + 7*q(z). Let m be (-2)/6*((-72)/9 + 23). Determine k(m).
3
Let x be (5 - 8) + (-8 - 7)/(-5). Let p(y) be the first derivative of -y - y**2 + x*y**3 + 3/2*y**4 - 2. Determine p(-1).
-5
Let s(i) = i**3 - 5*i**2 + 9*i + 5. Let p(k) = -6*k**3 + 34*k**2 - 55*k - 32. Let q(a) = -2*p(a) - 13*s(a). Determine q(-4).
43
Let z(r) = 13*r**2 + 23 - 22*r - 11*r**2 + 5*r - 28. Calculate z(9).
4
Let p be ((3/(-4))/1)/(-1 - (-33)/36). Let j(z) = -z**2 + 9*z + 17. Determine j(p).
17
Let j(g) = -5*g - 57. Let r be j(-12). Let f(s) = 5*s**3 - 15*s**r - 2*s - 8*s**2 + 10 + 6*s**3 + 5*s**3. Give f(8).
-6
Let w be ((-6)/(-33))/((-1212)/(-132) + -9)*0. Let m(p) = -4*p - 9. Give m(w).
-9
Let p be ((-1100)/(-770))/((-20)/(-84)). Let k(x) be the first derivative of -x**4/4 + 5*x**3/3 + 5*x**2/2 - 3*x + 1. What is k(p)?
-9
Let v(z) be the first derivative of 15*z**2/2 - 45*z + 392. Give v(2).
-15
Let h = 708 - 696. Let q(o) = 9*o - 105. What is q(h)?
3
Let i(j) = -j**3 + 2*j**2 + 2*j - 4. Let x = 1801 - 1216. Let g be x/52 - 1/4. Let o = -8 + g. Determine i(o).
-7
Let q(s) = s**2 - 6*s + 3. Suppose -4*n + 316 = 2*g, -2*g - n + 597 = 2*g. Suppose -27*y + 14 = -g. Calculate q(y).
3
Let n(l) = -l**3 + 55*l**2 + 11*l + 57. Let m be n(55). Let u(f) = f - 664*f**2 - m*f**2 + 1321*f**2 + 1. Calculate u(2).
-17
Suppose -2*m + x = -7*m - 15, x = 3*m + 17. Let q be (m - -5)/((-4)/4). Let t(d) = -14*d - 1 + 3 - 3. What is t(q)?
13
Let w(u) = -51*u + 1427. Let i be w(28). Let o(q) = -19*q**2 - 3*q - 2. What is o(i)?
-18
Let y(g) = -3*g + 65. Let x be y(26). Let r(k) be the second derivative of k**3/6 + 13*k**2/2 - 20*k - 4. Determine r(x).
0
Let j(q) be the third derivative of -q**8/20160 + q**7/5040 - q**6/360 + 57*q**5/20 - q**2 + 52. Let h(a) be the third derivative of j(a). What is h(-2)?
-8
Let i = -3 + 9. Let j(l) = 100*l**2 - 8*l - 18. Let b(k) = 167*k**2 - 15*k - 34. Let z(c) = -3*b(c) + 5*j(c). What is z(i)?
6
Suppose 3*m = -5*o - 67, -388*o + 12 = -385*o - 4*m. Let k(x) be the third derivative of x**6/120 + 7*x**5/60 - 7*x**4/24 + 5*x**3/6 + x**2. Calculate k(o).
-3
Suppose -2*d = -5*d - 2*p - 1, -d + 2*p + 13 = 0. Let j(u) = -u - u + 3 - 2*u**2 + 12*u**d + 0*u - 13*u**3. Determine j(-3).
18
Let p(n) = n + 30. Let i = 1696 + -1704. What is p(i)?
22
Let v(z) = -421825*z**2 - 421855*z**2 - 17 + 843717*z**2 + 10*z + 3*z**3. Calculate v(-12).
7
Let a = 1 + -1. Suppose -2*l + a*l = 0. Let m(s) = -s**2 + 19*s + 19. Let k(d) = -d**2 + 16*d + 16. Let i(g) = 6*k(g) - 5*m(g). Calculate i(l).
1
Let p(t) be the first derivative of -t**2 - t + 1. Let h = -233 + 230. Let n(m) = 10*m + 6. Let f(r) = h*n(r) - 14*p(r). What is f(5)?
-14
Let h(f) be the third derivative of 0 + 0*f**5 + 0*f**4 - 1/6*f**3 + 0*f + 29/120*f**6 + 90*f**2. Calculate h(1).
28
Suppose -428 = -174*t + 1834. Let o(l) = -9*l + 65. Determine o(t).
-52
Let a be (12/3)/((-3)/(18/(-24))). Let t(u) = -4 + 8 - 55*u**3 - 3 - 2*u**2. Calculate t(a).
-56
Let g(k) = 5*k**3 + 7*k**2 - 19. Let j(n) = 14*n**3 + 19*n**2 - 59. Let b(r) = 11*g(r) - 4*j(r). Let t = 2 - 2. What is b(t)?
27
Let r(n) = 33*n - n**2 - 8*n**2 + 0*n**2 - 31*n + 13 + 8*n**2. Give r(-5).
-22
Let s be ((-7)/(-3))/((-3)/(-9)). Let a(r) be the third derivative of -1/24*r**4 + 0*r + 0 + 14*r**2 + 1/2*r**3. What is a(s)?
-4
Suppose -3*h + 24 = 2*t, -t - 2*h = t - 24. Suppose 0 = -11*u + 7*u + t. Let l(v) = -1 + 5 - 2 + 3*v. Determine l(u).
11
Suppose 62*w - 84*w = 66. Suppose -6 = -5*o + 4*q - 3, 0 = o + q - 6. Let x(f) = f**2 - f - 2 + 3*f + o*f**2 - 3*f**2. Calculate x(w).
1
Suppose -32*m + 9 = -35*m. Suppose 0 = 17*k - 13*k - 8. Let v(w) = -1 + 2 - 4 + 2*w**k - w**2. What is v(m)?
6
Let c be 18/(-2)*(-19 + 8). Let d = c - 106. Let r(j) = 25 - j**2 - 3*j - 5*j - 32. Calculate r(d).
0
Let x(j) = -20*j**3 - 4*j**2 - 13*j - 18. Let l(y) = -3*y**3 - y**2 - 2*y - 3. Let a(h) = 6*l(h) - x(h). Let d = 1 - 1. Let g = d - -2. Calculate a(g).
10
Let b(y) = 13*y + 62. Let h be b(-4). Suppose -6 + 26 = h*l. Let o(k) = 10*k + 2. Give o(l).
22
Let f(j) = 2*j**2 - 6*j. Let x(c) = 4*c**2 - 27*c + 10. Let l(g) = f(g) + x(g). Calculate l(5).
-5
Let p = -528 - -531. Let k(j) = 3 - 10 + 8 + p*j + 0. Calculate k(3).
10
Suppose 0*r + 15 = -2*q - 5*r, 0 = -3*q - 4*r - 12. Suppose 3*z - z = q. Let k(h) be the third derivative of -h**4/24 - h**3/6 - h**2 - 1221*h. Calculate k(z).
-1
Let z(h) = -747*h + 7462. Let c be z(10). Let v(p) be the second derivative of p**4/12 + 3*p**3/2 + 5*p**2 + p. Give v(c).
2
Let q(n) = 141*n + 270. Let x(m) = 52*m + 91. Let s(i) = 3*q(i) - 8*x(i). Determine s(-13).
-9
Let s(c) = -c - 5. Let w be s(0). Let o(a) be the first derivative of -155 - 6*a + 1/2*a**2. What is o(w)?
-11
Let q(v) = -47177 + 23602 + 23591 + 14*v. Calculate q(-5).
-54
Let l(h) = -4 - h**3 + 2 - 19*h + 20*h - 7*h**2. Suppose 15*z = -17 - 73. Give l(z).
-44
Let t(x) = -11140 + 22236 + x**2 - 11177 - 4*x. What is t(14)?
59
Let v(r) = 20*r - 396. Suppose -m + i = -24, -3*i - 20 + 48 = 2*m. What is v(m)?
4
Let o(w) = 9*w**2 + 2*w - 6. Let b(r) = -54*r + 57. Let j be b(1). Calculate o(j).
81
Suppose -4*k = -2*k + 8. Let j(m) = -11*m**3 + 19*m**2 + 3*m - 17. Let q(s) = -25*s**3 + 44*s**2 + 7*s - 39. Let g(r) = -16*j(r) + 7*q(r). Determine g(k).
-5
Let v(z) = -16*z. Let j be (-2)/(-1) - (2 + -2 + -2). Suppose f + j*f = 735. Suppose f*q = 149*q - 2. Determine v(q).
-16
Suppose 125*z - 297 = 122*z. Let i = -79 + z. Let r(s) = -16 + 42 + 5*s**2 - i - s**3 + 7*s. Calculate r(6).
12
Let h(l) = -l - 1 + 0*l - 4. Suppose 0 = 3*a + 9, -3*w + 0*a - 2*a + 231 = 0. Let n = w - 73. Determine h(n).
-11
Let k(r) be the first derivative of r**3/3 + 11*r**2/2 - 9*r - 188. What is k(-15)?
51
Let t be ((-14)/5 - -2)/((-2)/15). Suppose n = 2*g - 6, -3*n - 10 - t = -4*g. Let u be -14*g/2 + 1. Let i(h) = h**2 + 3*h - 6. Determine i(u).
12
Suppose -p = 2*f + 2, 4*p + 2 = 5*f + 3*p. Let u(t) be the third derivative of 12*t - 1/3*t**3 + 1/60*t**5 - 2*t**2 + 1/24*t**4 + 0. Determine u(f).
-2
Let h(v) = 19*v**2 - 31*v + 3. Let j(s) = 29*s**2 - 47*s + 4. Let o(u) = 8*h(u) - 5*j(u). Let z be o(2). Let i(t) = t**2 - 7*t + 7. Calculate i(z).
1
Suppose 4*x = -6*l + l - 2, x - 8 = 3*l. Let r(d) = 12*d + 10*d - 9 - 14*d - d**x. Determine r(7).
-2
Let s = -7 + 3. Let t be 1/5 - s/5. Let h(g) be the first derivative of -g**3/3 + g**2/2 + 832. Give h(t).
0
Suppose 171*f - 235 = 166*f. Suppose -8*r + f + 25 = 0. Let p(q) = -q**3 - 5*q + r - 4 - 7*q**2 - 2 - 2. What is p(-6)?
-5
Let t(r) = r**2 - 4*r - 1. Let q(d) = -d**3 - 21*d**2 - d - 16. Let v be q(-21). Let l(h) = -10 - v*h - 3 - 2*h - 2*h. Let x be l(-2). Calculate t